at is -161578 (base 10) in base 16?
-2772a
Convert -1b1bc (base 16) to base 13.
-3b703
-1ab805 (base 12) to base 11
-2a5992
33705656 (base 8) to base 11
4143336
Convert 13222242 (base 5) to base 2.
100000011011010110
Convert -140162 (base 10) to base 3.
-21010021012
What is b96615 (base 13) in base 7?
52010132
1363423 (base 9) to base 10
750486
What is -1525d (base 14) in base 9?
-80146
What is 332331012310 (base 4) in base 2?
111110111101000110110100
Convert -42200045 (base 7) to base 6.
-204211525
Convert -1014527 (base 8) to base 12.
-10b55b
What is 121106406 (base 7) in base 4?
130302322323
What is c81d7 (base 15) in base 12?
267527
What is 1873247 (base 10) in base 13?
50783c
-116e0 (base 16) to base 7
-415066
What is -105030 (base 13) in base 14?
-9d485
1111000001101101011000 (base 2) to base 13
a7bc84
-2bdd3 (base 15) to base 14
-397d0
Convert -766a58 (base 12) to base 2.
-111001010100001100100
-5244761 (base 9) to base 6
-140042301
What is -10a16b (base 12) in base 4?
-1001001203
-343976 (base 16) to base 4
-31003211312
Convert -382503 (base 9) to base 11.
-148a26
18a2820 (base 12) to base 8
23626030
What is -105401025 (base 6) in base 16?
-1daaa9
Convert 22001110100 (base 3) to base 15.
31e86
-36035164 (base 8) to base 4
-132003221310
Convert -321100232103 (base 4) to base 13.
-315749a
Convert -10110100000111000 (base 2) to base 10.
-92216
Convert 555280 (base 10) to base 4.
2013210100
Convert -13b8d3 (base 14) to base 3.
-1021210122201
11202202022 (base 3) to base 6
2002312
Convert -12135142 (base 6) to base 16.
-5e406
What is -18164c9 (base 14) in base 9?
-24328204
6412436 (base 7) to base 16
bd8f0
-133332233103 (base 4) to base 5
-4121232233
What is 5f14 (base 16) in base 11?
17318
Convert -21012002122 (base 3) to base 7.
-1126346
1877a (base 12) to base 5
2120122
Convert -687294 (base 12) to base 16.
-1980d0
What is -26cc4 (base 14) in base 4?
-113121030
What is -2333042 (base 5) in base 7?
-236031
What is -111122121121211 (base 3) in base 9?
-14577554
What is -3a3b86 (base 12) in base 2?
-11101010100011010110
What is -1114116 (base 8) in base 13?
-a70b2
What is 272a9 (base 12) in base 14?
15961
-22c28b (base 15) to base 13
-4620b6
-56323 (base 12) to base 10
-114507
Convert -1019728 (base 11) to base 14.
-34b8c2
Convert 1011b1 (base 14) to base 6.
15332131
What is -30111527 (base 8) in base 6?
-343353423
14420 (base 5) to base 15
575
Convert -175512 (base 9) to base 16.
-1a9ed
What is 506407 (base 12) in base 6?
42522411
-422001122 (base 5) to base 10
-1750162
Convert 159851 (base 10) to base 3.
22010021102
Convert -75abb4 (base 12) to base 13.
-503875
-23344023 (base 5) to base 13
-7712c
Convert 121110002111 (base 3) to base 6.
10534451
Convert ca14c1 (base 13) to base 11.
275039a
19625 (base 10) to base 8
46251
26815a (base 11) to base 14
ad4bc
What is 22a52 (base 12) in base 15?
db55
-750aa (base 16) to base 12
-1b1522
-553113 (base 8) to base 12
-8b723
137cbc (base 16) to base 4
10313302330
What is -d98c (base 16) in base 4?
-31212030
Convert -1e99c (base 16) to base 11.
-86196
-35a643 (base 11) to base 6
-20120533
Convert 916847 (base 12) to base 3.
11021102022201
Convert -30221311 (base 6) to base 13.
-24087a
Convert -113302122330 (base 4) to base 16.
-5f26bc
What is b3b2a6 (base 14) in base 4?
113013333102
-42900 (base 13) to base 6
-2324143
Convert 12975 (base 13) to base 5.
2101242
Convert -1c0418 (base 16) to base 12.
-746648
What is -1000011100011001000 (base 2) in base 7?
-2231435
What is -5a3793 (base 11) in base 9?
-1717186
Convert 4786824 (base 11) to base 15.
aeb059
-49e11 (base 16) to base 12
-127155
Convert 1a75a1 (base 12) to base 11.
2a0511
What is 1acbb (base 14) in base 9?
113710
2302121032 (base 4) to base 13
1c778b
What is -61173a (base 16) in base 15?
-85a4ad
What is -11212010201 (base 3) in base 6?
-2014331
Convert 343233551 (base 6) to base 14.
ba6b11
What is -599b3c (base 13) in base 7?
-24102031
Convert -23434664 (base 7) to base 16.
-1fae10
Convert 211320121 (base 4) to base 13.
55816
Convert -24ae09 (base 16) to base 13.
-6621c6
-1220255 (base 8) to base 14
-8a673
Convert -6be7b8 (base 15) to base 5.
-2310141443
Convert -1019010 (base 10) to base 13.
-298a85
-19487f (base 16) to base 13
-460265
Convert 2001010 (base 3) to base 14.
784
Convert 1571a8 (base 14) to base 2.
10110110111110010000
What is 20220210002120 (base 3) in base 4?
32001210000
Convert -10101010101001011110 (base 2) to base 15.
-dc184
Convert 1002232211 (base 4) to base 7.
2215562
Convert -c741c (base 15) to base 6.
-21314100
What is 56344236 (base 7) in base 5?
2222311011
Convert 10a109 (base 11) to base 15.
36a7b
81651 (base 11) to base 2
11101000111001001
What is -cc07 (base 13) in base 16?
-6eef
What is 1a8a1 (base 16) in base 14?
2b889
179b1 (base 15) to base 3
10212212011
7c60aa (base 14) to base 3
21222112102222
10010000100000101 (base 2) to base 15
16dc9
Convert 2400130 (base 5) to base 12.
21412
Convert -141220255 (base 6) to base 16.
-2bb48b
-311322333 (base 4) to base 5
-24031423
What is 21202110220 (base 3) in base 13?
5467b
-100000000001101001100001 (base 2) to base 11
-4814617
Convert -168218 (base 15) to base 5.
-234344343
-763ac (base 15) to base 5
-44003322
-2cff0 (base 16) to base 12
-8a7a8
What is 4013145 (base 7) in base 3?
220002100120
270a0 (base 13) to base 6
1320131
Convert -110001100110001 (base 2) to base 12.
-12841
-124001023 (base 5) to base 6
-21021453
What is 49506 (base 10) in base 2?
1100000101100010
What is 2051011 (base 8) in base 5?
114422124
What is 103122302 (base 4) in base 2?
10011011010110010
-2351232 (base 7) to base 10
-298188
What is -10100000011110101010111 (base 2) in base 5?
-2321233313
What is -11004240032 (base 5) in base 4?
-230332123001
Convert 232312230 (base 4) to base 2.
101110110110101100
What is -37521333 (base 9) in base 6?
-1453525003
Convert -20113511 (base 6) to base 14.
-10b907
What is -65f (base 16) in base 4?
-121133
Convert 6064d8 (base 14) to base 8.
14300536
What is 10103020031 (base 4) in base 3?
2010020211222
Convert -105993 (base 15) to base 8.
-2760255
Convert 5406641 (base 7) to base 16.
a09be
What is -111022102100 (base 3) in base 2?
-111111111110000001
What is -1844531 (base 9) in base 13?
-2a24c4
What is 20300b (base 13) in base 8?
2667204
What is 12b8695 (base 14) in base 8?
42415613
What is -104242344 (base 6) in base 7?
-22021021
824b (base 16) to base 3
1200202101
Convert 12662 (base 12) to base 13.
b591
-19c335 (base 14) to base 16
-dfe8b
Convert -334433 (base 11) to base 15.
-a7d80
What is 102951 (base 11) in base 3?
22101010212
2124535 (base 9) to base 12
46a972
Convert -16513127 (base 8) to base 2.
-1110101001011001010111
Convert -100312311 (base 4) to base 6.
-1251353
-f13e (base 16) to base 13
-22158
Convert -4432343 (base 6) to base 2.
-110110001111100111
Convert -231105 (base 7) to base 14.
-1103c
What is -19729 (base 14) in base 2?
-1111110000001001
-2c98bd (base 15) to base 6
-114133311
What is -58782 (base 13) in base 9?
-265683
Convert 1152378 (base 9) to base 11.
397693
Convert 14776a (base 11) to base 9.
380264
3661530 (base 8) to base 12
407734
Convert 2202110210200 (base 3) to base 11.
911374
What is -34210204 (base 5) in base 16?
-4a2bc
What is -1c502b (base 16) in base 2?
-111000101000000101011
232212020 (base 4) to base 12
92548
Convert -7354899 (base 11) to base 3.
-220101121211111
Convert 368a93 (base 13) to base 6.
43543543
Convert -958924 (base 11) to base 9.
-2787748
Convert 42012250 (base 6) to base 8.
4504646
Convert 30713 (base 15) to base 9.
253460
-2187573 (base 10) to base 7
-24410523
Convert -2699c (base 13) to base 3.
-10122200222
Convert -2154001 (base 6) to base 3.
-12111202001
What is -320244013 (base 5) in base 6?
-44355331
What is 1004041124 (base 5) in base 8?
7545761
What is -385c3 (base 13) in base 15?
-20d5d
-118081 (base 9) to base 4
-101131123
Convert 4224001230 (base 5) to base 8.
41474222
22120000110 (base 3) to base 10
168411
233131 (base 5) to base 9
12640
Convert 54766 (base 16) to base 14.
90114
Convert 125710 (base 10) to base 4.
132230032
Convert -282753 (base 11) to base 5.
-103132142
-1156065 (base 7) to base 15
-2e046
Convert -23201203 (base 4) to base 10.
-47203
What is 106268 (base 10) in base 3?
